{"id":21,"date":"2015-07-04T18:53:30","date_gmt":"2015-07-04T18:53:30","guid":{"rendered":"http:\/\/tangopalace.de\/?page_id=21"},"modified":"2020-01-17T14:31:25","modified_gmt":"2020-01-17T13:31:25","slug":"ueber-uns","status":"publish","type":"page","link":"https:\/\/tangopalace.de\/?page_id=21","title":{"rendered":"\u00dcber uns"},"content":{"rendered":"<h1><em><span style=\"color: #ff0000;\"><strong>Tango Argentino ist eine Lebenseinstellung, die s\u00fcchtig macht&#8230;.<\/strong><\/span><\/em><\/h1>\n<p><em>&#8230;er\u00a0wurde in Buenos Aires am Ende des 19. Jahrhunderts durch das Zusammentreffen verschiedenster Kulturen in Argentinien geboren. Der in der Arbeiterklasse unter den Einwanderern entstandene Tanz breitete sich nach und nach auch in Europa aus, wo er sich in seiner z\u00fcchtigen Form zum Standardtango entwickelte.<\/em><\/p>\n<p><em>Mittlerweile ist Tango Argentino einer der beliebtesten T\u00e4nze weltweit und wurde 2009 von der UNESCO zum Weltkulturerbe ernannt. Tango zeichnet sich durch seine Tiefgr\u00fcndigkeit, Leidenschaft und Ausdrucksfreiheit aus und bietet den Tanzenden die M\u00f6glichkeit, die Musik in all ihren Facetten zu f\u00fchlen und zu interpretieren.<\/em><\/p>\n<p><em>Neben dem klassischen Tango Argentino umfasst der Begriff Tango noch den Tango-Vals, mit seinem Dreivierteltakt und die Milonga, die sich durch einen schnellen, fr\u00f6hlichen Takt auszeichnet. Heutzutage wird Tango auch h\u00e4ufig auf moderne (Neo) und Non-Tango Musik getanzt.<\/em><\/p>\n<p><em>Der Tango Palace bietet den stilvollen Rahmen f\u00fcr Kurse jeden Niveaus und regelm\u00e4\u00dfige Milongas (Tanzveranstaltungen), bei denen die Tangueros die Gelegenheit haben Tango zu erleben und sich gegenseitig kennen zu lernen. Gastfreundschaft, famili\u00e4re Atmosph\u00e4re und ein warmherziger und sozialoffener Umgang werden im Tango Palace gro\u00df geschrieben.<\/em><\/p>\n<p><em>Mehr zu unseren Kursen und Milongas findet ihr hier &#8230; <a href=\"https:\/\/tangopalace.de\/?page_id=39\">Unterricht<\/a> &amp; <a href=\"https:\/\/tangopalace.de\/?page_id=23\">Milongas<\/a><\/em><\/p>\n<p><em>Als Gastgeber ihrer Milongas hei\u00dfen sie all ihren G\u00e4sten, aber auch Neulingen und Laien,\u00a0herzlich willkommen und bem\u00fchen sich liebevoll f\u00fcr\u00a0ihr Wohlbefinden\u00a0in ihrem Hause. Die Palace-T\u00fcren stehen all denjenigen offen, die Tango lieben und Gastfreundschaft und Warmherzigkeit wertsch\u00e4tzen.<\/em><\/p>\n<p>&nbsp;<\/p>\n","protected":false},"excerpt":{"rendered":"<p>Tango Argentino ist eine Lebenseinstellung, die s\u00fcchtig macht&#8230;. &#8230;er\u00a0wurde in Buenos Aires am Ende des 19. Jahrhunderts durch das Zusammentreffen verschiedenster Kulturen in Argentinien geboren. Der in der Arbeiterklasse unter den Einwanderern entstandene Tanz breitete sich nach und nach auch in Europa aus, wo er sich in seiner z\u00fcchtigen Form zum Standardtango entwickelte. Mittlerweile ist &hellip; <a href=\"https:\/\/tangopalace.de\/?page_id=21\" class=\"more-link\"><span class=\"screen-reader-text\">\u00dcber uns<\/span> weiterlesen <span class=\"meta-nav\">&rarr;<\/span><\/a><\/p>\n","protected":false},"author":1,"featured_media":0,"parent":0,"menu_order":90,"comment_status":"closed","ping_status":"closed","template":"","meta":{"footnotes":""},"class_list":["post-21","page","type-page","status-publish","hentry"],"_links":{"self":[{"href":"https:\/\/tangopalace.de\/index.php?rest_route=\/wp\/v2\/pages\/21","targetHints":{"allow":["GET"]}}],"collection":[{"href":"https:\/\/tangopalace.de\/index.php?rest_route=\/wp\/v2\/pages"}],"about":[{"href":"https:\/\/tangopalace.de\/index.php?rest_route=\/wp\/v2\/types\/page"}],"author":[{"embeddable":true,"href":"https:\/\/tangopalace.de\/index.php?rest_route=\/wp\/v2\/users\/1"}],"replies":[{"embeddable":true,"href":"https:\/\/tangopalace.de\/index.php?rest_route=%2Fwp%2Fv2%2Fcomments&post=21"}],"version-history":[{"count":21,"href":"https:\/\/tangopalace.de\/index.php?rest_route=\/wp\/v2\/pages\/21\/revisions"}],"predecessor-version":[{"id":991,"href":"https:\/\/tangopalace.de\/index.php?rest_route=\/wp\/v2\/pages\/21\/revisions\/991"}],"wp:attachment":[{"href":"https:\/\/tangopalace.de\/index.php?rest_route=%2Fwp%2Fv2%2Fmedia&parent=21"}],"curies":[{"name":"wp","href":"https:\/\/api.w.org\/{rel}","templated":true}]}}